{"id":403,"date":"2023-11-15T07:19:27","date_gmt":"2023-11-15T07:19:27","guid":{"rendered":"http:\/\/cleenhearts-demo.local\/?page_id=403"},"modified":"2025-10-03T10:41:03","modified_gmt":"2025-10-03T10:41:03","slug":"a-propos","status":"publish","type":"page","link":"https:\/\/rc2d-ne.org\/index.php\/a-propos\/","title":{"rendered":"A Propos"},"content":{"rendered":"\t\t<div data-elementor-type=\"wp-page\" data-elementor-id=\"403\" class=\"elementor elementor-403\">\n\t\t\t\t<div class=\"elementor-element elementor-element-fa75178 e-flex e-con-boxed e-con e-parent\" data-id=\"fa75178\" data-element_type=\"container\" data-e-type=\"container\">\n\t\t\t\t\t<div class=\"e-con-inner\">\n\t\t\t\t<div class=\"elementor-element elementor-element-12a3e2a elementor-widget elementor-widget-spacer\" data-id=\"12a3e2a\" data-element_type=\"widget\" data-e-type=\"widget\" data-widget_type=\"spacer.default\">\n\t\t\t\t<div class=\"elementor-widget-container\">\n\t\t\t\t\t\t\t<div class=\"elementor-spacer\">\n\t\t\t<div class=\"elementor-spacer-inner\"><\/div>\n\t\t<\/div>\n\t\t\t\t\t\t<\/div>\n\t\t\t\t<\/div>\n\t\t\t\t<div class=\"elementor-element elementor-element-6f0e3af elementor-widget elementor-widget-heading\" data-id=\"6f0e3af\" data-element_type=\"widget\" data-e-type=\"widget\" data-widget_type=\"heading.default\">\n\t\t\t\t<div class=\"elementor-widget-container\">\n\t\t\t\t\t<h2 class=\"elementor-heading-title elementor-size-default\">Pr\u00e9sentation de l'ONG RC2D<\/h2>\t\t\t\t<\/div>\n\t\t\t\t<\/div>\n\t\t\t\t\t<\/div>\n\t\t\t\t<\/div>\n\t\t<div class=\"elementor-element elementor-element-1a05175 e-flex e-con-boxed e-con e-parent\" data-id=\"1a05175\" data-element_type=\"container\" data-e-type=\"container\">\n\t\t\t\t\t<div class=\"e-con-inner\">\n\t\t\t\t<div class=\"elementor-element elementor-element-42f6a39 elementor-widget elementor-widget-heading\" data-id=\"42f6a39\" data-element_type=\"widget\" data-e-type=\"widget\" data-widget_type=\"heading.default\">\n\t\t\t\t<div class=\"elementor-widget-container\">\n\t\t\t\t\t<h2 class=\"elementor-heading-title elementor-size-default\">Ensemble pour la stabilit\u00e9 au <span class=\"sec-title__title__inner\">Sahel<\/span><\/h2>\t\t\t\t<\/div>\n\t\t\t\t<\/div>\n\t\t\t\t\t<\/div>\n\t\t\t\t<\/div>\n\t\t<div class=\"elementor-element elementor-element-43280d3 e-flex e-con-boxed e-con e-parent\" data-id=\"43280d3\" data-element_type=\"container\" data-e-type=\"container\">\n\t\t\t\t\t<div class=\"e-con-inner\">\n\t\t\t\t\t<\/div>\n\t\t\t\t<\/div>\n\t\t<div class=\"elementor-element elementor-element-13f7b13 e-flex e-con-boxed e-con e-parent\" data-id=\"13f7b13\" data-element_type=\"container\" data-e-type=\"container\">\n\t\t\t\t\t<div class=\"e-con-inner\">\n\t\t\t\t<div class=\"elementor-element elementor-element-d49ece8 elementor-widget elementor-widget-text-editor\" data-id=\"d49ece8\" data-element_type=\"widget\" data-e-type=\"widget\" data-widget_type=\"text-editor.default\">\n\t\t\t\t<div class=\"elementor-widget-container\">\n\t\t\t\t\t\t\t\t\t<p style=\"font-weight: 400;\"><span dir=\"auto\" style=\"vertical-align: inherit;\"><span dir=\"auto\" style=\"vertical-align: inherit;\">Cr\u00e9\u00e9e en d\u00e9cembre 2023, <\/span><\/span><strong><span dir=\"auto\" style=\"vertical-align: inherit;\"><span dir=\"auto\" style=\"vertical-align: inherit;\">L&#8217;ONG R\u00e9silience Communautaire et D\u00e9veloppement Durable (RC2D)<\/span><\/span><\/strong><span dir=\"auto\" style=\"vertical-align: inherit;\"><span dir=\"auto\" style=\"vertical-align: inherit;\"> est une organisation qui vise \u00e0 accompagner l&#8217;\u00c9tat du Niger dans la mise en \u0153uvre des projets et programmes pour le d\u00e9veloppement et la r\u00e9silience communautaire.<\/span><\/span><\/p><p><span dir=\"auto\" style=\"vertical-align: inherit;\"><span dir=\"auto\" style=\"vertical-align: inherit;\">L&#8217;Organisation Non Gouvernementale <\/span><\/span><strong><span dir=\"auto\" style=\"vertical-align: inherit;\"><span dir=\"auto\" style=\"vertical-align: inherit;\">R\u00e9silience Communautaire et D\u00e9veloppement Durable (RC2D)<\/span><\/span><\/strong><span dir=\"auto\" style=\"vertical-align: inherit;\"><span dir=\"auto\" style=\"vertical-align: inherit;\"> est une structure dynamique et visionnaire qui a \u00e9ventuellement entam\u00e9 ses activit\u00e9s en octobre 2024. Fond\u00e9e dans un esprit d&#8217;innovation et de solidarit\u00e9, RC2D se consacre \u00e0 l&#8217;accompagnement des communaut\u00e9s locales dans leurs efforts pour identifier, concevoir et mettre en \u0153uvre des initiatives ax\u00e9es sur le renforcement de la r\u00e9silience communautaire et la promotion d&#8217;un d\u00e9veloppement inclusif et durable.<\/span><\/span><\/p><p><span dir=\"auto\" style=\"vertical-align: inherit;\"><span dir=\"auto\" style=\"vertical-align: inherit;\">En parall\u00e8le, <\/span><\/span><strong><span dir=\"auto\" style=\"vertical-align: inherit;\"><span dir=\"auto\" style=\"vertical-align: inherit;\">RC2D<\/span><\/span><\/strong><span dir=\"auto\" style=\"vertical-align: inherit;\"><span dir=\"auto\" style=\"vertical-align: inherit;\"> joue un r\u00f4le actif en soutien au gouvernement et aux acteurs locaux, notamment \u00e0 travers la co-construction de strat\u00e9gies de r\u00e9silience communautaire, la promotion de la s\u00e9curit\u00e9 collective, et la consolidation des principes de bonne gouvernance. \u00c0 travers une approche int\u00e9gr\u00e9e, RC2D ambitionne de devenir un catalyseur de changement positif, cr\u00e9ant des synergies entre les efforts communautaires, institutionnels et internationaux pour b\u00e2tir un avenir plus r\u00e9silient et prosp\u00e8re.<\/span><\/span><\/p><p style=\"font-weight: 400;\"><span dir=\"auto\" style=\"vertical-align: inherit;\"><span dir=\"auto\" style=\"vertical-align: inherit;\">Ses initiatives coh\u00e9rentes \u00e0 la fois \u00e0 apporter des solutions durables et ponctuelles aux probl\u00e9matiques de d\u00e9veloppement des communaut\u00e9s en se basant sur la des communaut\u00e9s \u00e0 supporter les effets des chocs exog\u00e8nes et endog\u00e8nes et \u00e0 d\u00e9montrer leur capacit\u00e9 de rel\u00e8vement ainsi que l&#8217;accompagnement du gouvernement dans la mise en \u0153uvre des strat\u00e9gies de r\u00e9silience communautaires, s\u00e9curitaires et de bonne gouvernance.<\/span><\/span><\/p><p><span dir=\"auto\" style=\"vertical-align: inherit;\"><span dir=\"auto\" style=\"vertical-align: inherit;\">L&#8217;organisation a mis un point d&#8217;honneur \u00e0 valoriser les capacit\u00e9s dynamiques des communaut\u00e9s pour surmonter les effets des chocs exog\u00e8nes et endog\u00e8nes, tout en renfor\u00e7ant leur aptitude \u00e0 se relever rapidement et efficacement.<\/span><\/span><\/p>\t\t\t\t\t\t\t\t<\/div>\n\t\t\t\t<\/div>\n\t\t\t\t<div class=\"elementor-element elementor-element-c7ce811 elementor-widget elementor-widget-spacer\" data-id=\"c7ce811\" data-element_type=\"widget\" data-e-type=\"widget\" data-widget_type=\"spacer.default\">\n\t\t\t\t<div class=\"elementor-widget-container\">\n\t\t\t\t\t\t\t<div class=\"elementor-spacer\">\n\t\t\t<div class=\"elementor-spacer-inner\"><\/div>\n\t\t<\/div>\n\t\t\t\t\t\t<\/div>\n\t\t\t\t<\/div>\n\t\t\t\t\t<\/div>\n\t\t\t\t<\/div>\n\t\t<div class=\"elementor-element elementor-element-6731ffd e-flex e-con-boxed e-con e-parent\" data-id=\"6731ffd\" data-element_type=\"container\" data-e-type=\"container\">\n\t\t\t\t\t<div class=\"e-con-inner\">\n\t\t\t\t<div class=\"elementor-element elementor-element-80ed60c elementor-widget elementor-widget-heading\" data-id=\"80ed60c\" data-element_type=\"widget\" data-e-type=\"widget\" data-widget_type=\"heading.default\">\n\t\t\t\t<div class=\"elementor-widget-container\">\n\t\t\t\t\t<h2 class=\"elementor-heading-title elementor-size-default\">Objectif g\u00e9n\u00e9ral<\/h2>\t\t\t\t<\/div>\n\t\t\t\t<\/div>\n\t\t\t\t<div class=\"elementor-element elementor-element-1c1bcf1 elementor-widget elementor-widget-text-editor\" data-id=\"1c1bcf1\" data-element_type=\"widget\" data-e-type=\"widget\" data-widget_type=\"text-editor.default\">\n\t\t\t\t<div class=\"elementor-widget-container\">\n\t\t\t\t\t\t\t\t\t<p>\u00a0Accompagner l\u2019Etat du Niger dans la mise \u0153uvre des projets et programmes pour le d\u00e9veloppement et la r\u00e9silience communautaire.<\/p><p><strong>RC2D<\/strong> propose des solutions durables et opportunes aux enjeux de d\u00e9veloppement communautaire, en s&#8217;appuyant sur la capacit\u00e9 des communaut\u00e9s \u00e0 r\u00e9sister aux effets des chocs exog\u00e8nes et endog\u00e8nes et \u00e0 accro\u00eetre leur capacit\u00e9 de rel\u00e8vement, et \u00e0 soutenir le gouvernement dans la mise en \u0153uvre de strat\u00e9gies communautaires de r\u00e9silience, de s\u00e9curit\u00e9 et de bonne gouvernance\u201d<\/p>\t\t\t\t\t\t\t\t<\/div>\n\t\t\t\t<\/div>\n\t\t\t\t<div class=\"elementor-element elementor-element-96fb467 elementor-widget elementor-widget-heading\" data-id=\"96fb467\" data-element_type=\"widget\" data-e-type=\"widget\" data-widget_type=\"heading.default\">\n\t\t\t\t<div class=\"elementor-widget-container\">\n\t\t\t\t\t<h2 class=\"elementor-heading-title elementor-size-default\">Objectifs sp\u00e9cifiques<\/h2>\t\t\t\t<\/div>\n\t\t\t\t<\/div>\n\t\t\t\t<div class=\"elementor-element elementor-element-a617a93 elementor-widget elementor-widget-text-editor\" data-id=\"a617a93\" data-element_type=\"widget\" data-e-type=\"widget\" data-widget_type=\"text-editor.default\">\n\t\t\t\t<div class=\"elementor-widget-container\">\n\t\t\t\t\t\t\t\t\t<ol><li>Promouvoir la coh\u00e9sion sociale, la stabilisation, la r\u00e9silience communautaire, la coexistence pacifique<\/li><li>Contribuer \u00e0 l&#8217;autonomisation des jeunes y compris les femmes<\/li><li>Promouvoir les politiques migratoires de l\u2019Etat aupr\u00e8s des communaut\u00e9s<\/li><li>Contribuer \u00e0 l\u2019am\u00e9lioration du secteur de l\u2019\u00e9ducation et de la sant\u00e9 communautaire<\/li><\/ol>\t\t\t\t\t\t\t\t<\/div>\n\t\t\t\t<\/div>\n\t\t\t\t<div class=\"elementor-element elementor-element-588d6c0 elementor-widget elementor-widget-heading\" data-id=\"588d6c0\" data-element_type=\"widget\" data-e-type=\"widget\" data-widget_type=\"heading.default\">\n\t\t\t\t<div class=\"elementor-widget-container\">\n\t\t\t\t\t<h2 class=\"elementor-heading-title elementor-size-default\">Mission\u200b<\/h2>\t\t\t\t<\/div>\n\t\t\t\t<\/div>\n\t\t\t\t<div class=\"elementor-element elementor-element-186308c elementor-widget elementor-widget-text-editor\" data-id=\"186308c\" data-element_type=\"widget\" data-e-type=\"widget\" data-widget_type=\"text-editor.default\">\n\t\t\t\t<div class=\"elementor-widget-container\">\n\t\t\t\t\t\t\t\t\t<p>\u00a0<\/p><p>La mission principale de <strong>RC2D<\/strong> consiste non seulement \u00e0 apporter des <strong>solutions durables, adapt\u00e9es et participatives<\/strong> aux d\u00e9fis complexes auxquels font face les populations, en tenant compte des contextes sp\u00e9cifiques mais aussi d&#8217;accompagner l\u2019Etat du Niger dans la mise \u0153uvre des projets et programmes pour le d\u00e9veloppement et la r\u00e9silience communautaire.<\/p>\t\t\t\t\t\t\t\t<\/div>\n\t\t\t\t<\/div>\n\t\t\t\t<div class=\"elementor-element elementor-element-bc6df48 elementor-widget elementor-widget-heading\" data-id=\"bc6df48\" data-element_type=\"widget\" data-e-type=\"widget\" data-widget_type=\"heading.default\">\n\t\t\t\t<div class=\"elementor-widget-container\">\n\t\t\t\t\t<h2 class=\"elementor-heading-title elementor-size-default\">But<\/h2>\t\t\t\t<\/div>\n\t\t\t\t<\/div>\n\t\t\t\t<div class=\"elementor-element elementor-element-b2ea79e elementor-widget elementor-widget-text-editor\" data-id=\"b2ea79e\" data-element_type=\"widget\" data-e-type=\"widget\" data-widget_type=\"text-editor.default\">\n\t\t\t\t<div class=\"elementor-widget-container\">\n\t\t\t\t\t\t\t\t\t<p>Contribuer \u00e0 renforcer la r\u00e9silience des communaut\u00e9s en les outillant pour faire face aux effets des chocs exog\u00e8nes (catastrophes naturelles, crises \u00e9conomiques, pand\u00e9mies, changements climatiques) et endog\u00e8nes (conflits internes, d\u00e9s\u00e9quilibres sociaux, fragilit\u00e9s institutionnelles). Cela inclut :<\/p><ol><li><p><strong>Renforcement des capacit\u00e9s communautaires :<\/strong> Promouvoir des m\u00e9canismes d\u2019apprentissage, de gestion des risques et de pr\u00e9paration aux crises, afin que les communaut\u00e9s puissent anticiper, s\u2019adapter et surmonter les perturbations.<\/p><\/li><li><p><strong>Accompagnement dans la mise en \u0153uvre d\u2019actions durables :<\/strong> Soutenir les initiatives locales qui favorisent le d\u00e9veloppement d\u2019infrastructures r\u00e9silientes, l\u2019acc\u00e8s \u00e0 des ressources essentielles, et l\u2019autonomisation \u00e9conomique et sociale.<\/p><\/li><li><p><strong>Appui \u00e0 la coh\u00e9sion sociale et \u00e0 la gouvernance locale :<\/strong> Encourager des mod\u00e8les inclusifs et participatifs de prise de d\u00e9cision, renfor\u00e7ant ainsi la solidarit\u00e9 et la collaboration au sein des communaut\u00e9s.<\/p><\/li><li><p><strong>Accroissement de la capacit\u00e9 de rel\u00e8vement :<\/strong> Offrir un accompagnement technique et strat\u00e9gique pour aider les communaut\u00e9s \u00e0 se r\u00e9tablir plus rapidement et plus solidement apr\u00e8s une crise, tout en r\u00e9duisant leur vuln\u00e9rabilit\u00e9 face \u00e0 de futurs d\u00e9fis.<\/p><\/li><li><p><strong>Partenariat avec les acteurs institutionnels et internationaux :<\/strong> Collaborer avec les gouvernements, les ONG, et d&#8217;autres partenaires pour d\u00e9velopper des politiques et des strat\u00e9gies qui r\u00e9pondent efficacement aux besoins des communaut\u00e9s et favorisent leur d\u00e9veloppement durable.<\/p><\/li><\/ol>\t\t\t\t\t\t\t\t<\/div>\n\t\t\t\t<\/div>\n\t\t\t\t<div class=\"elementor-element elementor-element-a8f052f elementor-widget elementor-widget-heading\" data-id=\"a8f052f\" data-element_type=\"widget\" data-e-type=\"widget\" data-widget_type=\"heading.default\">\n\t\t\t\t<div class=\"elementor-widget-container\">\n\t\t\t\t\t<h2 class=\"elementor-heading-title elementor-size-default\">Vision<\/h2>\t\t\t\t<\/div>\n\t\t\t\t<\/div>\n\t\t\t\t<div class=\"elementor-element elementor-element-57cd67d elementor-widget elementor-widget-text-editor\" data-id=\"57cd67d\" data-element_type=\"widget\" data-e-type=\"widget\" data-widget_type=\"text-editor.default\">\n\t\t\t\t<div class=\"elementor-widget-container\">\n\t\t\t\t\t\t\t\t\t<p>La vision de <strong>RC2D<\/strong> est de contribuer \u00e0 la construction d&#8217;un monde rural durable et r\u00e9silient, o\u00f9 les communaut\u00e9s, pleinement conscientes de leurs d\u00e9fis et de leurs atouts, participent activement \u00e0 la d\u00e9finition et \u00e0 la mise en \u0153uvre des strat\u00e9gies de d\u00e9veloppement adapt\u00e9es \u00e0 leurs r\u00e9alit\u00e9s locales. L\u2019ONG aspire \u00e0 cr\u00e9er un environnement dans lequel les populations rurales, en particulier les plus vuln\u00e9rables, peuvent acc\u00e9der \u00e0 des opportunit\u00e9s \u00e9conomiques, sociales et environnementales, tout en renfor\u00e7ant leurs capacit\u00e9s d\u2019adaptation face aux changements climatiques et aux crises \u00e9conomiques. Ce processus de transformation se fonde sur une approche participative, o\u00f9 l&#8217;implication de chaque membre de la communaut\u00e9 dans la prise de d\u00e9cisions est essentielle pour garantir un d\u00e9veloppement inclusif, \u00e9quitable et durable. L&#8217;objectif ultime est de favoriser un d\u00e9veloppement \u00e0 la base, ancr\u00e9 dans les besoins, les savoir-faire et les ressources locales, permettant ainsi aux communaut\u00e9s rurales de s&#8217;\u00e9panouir de mani\u00e8re autonome et p\u00e9renne.<\/p>\t\t\t\t\t\t\t\t<\/div>\n\t\t\t\t<\/div>\n\t\t\t\t<div class=\"elementor-element elementor-element-db97093 elementor-widget elementor-widget-spacer\" data-id=\"db97093\" data-element_type=\"widget\" data-e-type=\"widget\" data-widget_type=\"spacer.default\">\n\t\t\t\t<div class=\"elementor-widget-container\">\n\t\t\t\t\t\t\t<div class=\"elementor-spacer\">\n\t\t\t<div class=\"elementor-spacer-inner\"><\/div>\n\t\t<\/div>\n\t\t\t\t\t\t<\/div>\n\t\t\t\t<\/div>\n\t\t\t\t\t<\/div>\n\t\t\t\t<\/div>\n\t\t<div class=\"elementor-element elementor-element-9686031 e-con-full e-flex e-con e-parent\" data-id=\"9686031\" data-element_type=\"container\" data-e-type=\"container\">\n\t\t\t\t<div class=\"elementor-element elementor-element-9114162 elementor-widget elementor-widget-cleenhearts-helppeople\" data-id=\"9114162\" data-element_type=\"widget\" data-e-type=\"widget\" data-widget_type=\"cleenhearts-helppeople.default\">\n\t\t\t\t<div class=\"elementor-widget-container\">\n\t\t\t\t\t    <section class=\"help-people\" style=\"background-image: url(https:\/\/bracketweb.com\/cleenheartswp\/wp-content\/uploads\/2023\/11\/help-people-bg-1.png);\">\r\n        <div class=\"container\">\r\n            <div class=\"row\">\r\n                <div class=\"help-people__images col-xl-6\">\r\n                    <div class=\"help-people__images__inner\">\r\n                                                                            <img decoding=\"async\" src=\"https:\/\/bracketweb.com\/cleenheartswp\/wp-content\/uploads\/2023\/11\/help-people-1-2.png\" alt=\"RC2D\" class=\"wow fadeInLeft\" data-wow-duration=\"1500ms\" data-wow-delay=\"400ms\">\r\n                                                                    <\/div><!-- \/.help-people__images__inner -->\r\n                <\/div><!-- \/.col-xl-6 -->\r\n                <div class=\"help-people__content col-xl-6\">\r\n                    <div class=\"help-people__content__inner\">\r\n                        <div class=\"sec-title\">\r\n                            <h6 class=\"sec-title__tagline @@extraClassName\">Charit\u00e9 pour les personnes qui vous sont ch\u00e8res<\/h6>                        <\/div><!-- \/.sec-title -->\r\n                        <p class=\"help-people__text\">Donner, c\u2019est prot\u00e9ger ceux que nous aimons!!<\/p>                        <div class=\"help-people__content__bottom\">\r\n                                                            <a href=\"https:\/\/rc2d-ne.org\/index.php\/devenir-volontaire\/\" class=\"cleenhearts-btn\">\r\n                                    <div class=\"cleenhearts-btn__icon-box\">\r\n                                        <div class=\"cleenhearts-btn__icon-box__inner\">\r\n                                            <span aria-hidden=\"true\" class=\"  icon-duble-arrow\"><\/span>                                        <\/div>\r\n                                    <\/div>\r\n                                    <span class=\"cleenhearts-btn__text\">Devenir Volontaire<\/span>\r\n                                <\/a><!-- \/.cleenhearts-btn -->\r\n                                                        <div class=\"volunteer-group\">\r\n                                                                    <a href=\"\" class=\"volunteer-group__link\">\r\n                                                                            <\/a><!-- \/.volunteer-group__link -->\r\n                                                            <\/div><!-- \/.volunteer-group -->\r\n                        <\/div>\r\n                    <\/div><!-- \/.help-people__content__bottom -->\r\n                <\/div><!-- \/.help-people__content__inner -->\r\n            <\/div><!-- \/.col-xl-6 -->\r\n        <\/div><!-- \/.row -->\r\n                    <div class=\"help-people__shape\">\r\n                <img decoding=\"async\" src=\"https:\/\/rc2d-ne.org\/wp-content\/uploads\/2023\/11\/help-people-shape-1.png\" alt=\"help-people-shape-1\" title=\"help-people-shape-1\" class=\"help-people__shape__one\" >            <\/div><!-- \/.help-people__shape -->\r\n            <\/section><!-- \/.help-people -->\r\n\t\t\t\t<\/div>\n\t\t\t\t<\/div>\n\t\t\t\t<\/div>\n\t\t<div class=\"elementor-element elementor-element-323b82a e-con-full e-flex e-con e-parent\" data-id=\"323b82a\" data-element_type=\"container\" data-e-type=\"container\">\n\t\t\t\t<div class=\"elementor-element elementor-element-2e5d508 elementor-widget elementor-widget-cleenhearts-sponsors\" data-id=\"2e5d508\" data-element_type=\"widget\" data-e-type=\"widget\" data-widget_type=\"cleenhearts-sponsors.default\">\n\t\t\t\t<div class=\"elementor-widget-container\">\n\t\t\t\t\t    <div class=\"client-carousel @@extraClassName\">\r\n        <div class=\"container\">\r\n            <div class=\"client-carousel__one cleenhearts-owl__carousel cleenhearts-owl__carousel--basic-nav owl-theme owl-carousel\" data-owl-options='        {\r\n        &quot;loop&quot;: true,\r\n        &quot;margin&quot;: 0,\r\n        &quot;items&quot;: 1        ,&quot;nav&quot;: true                                    ,&quot;autoplay&quot;: true            ,&quot;autoplayTimeout&quot;: 5000                                    ,&quot;autoplayHoverPause&quot;: true                            ,&quot;navText&quot;: [\r\n            &quot;&lt;span class=\\&quot;  icon-arrow-left\\&quot;&gt;&lt;\/span&gt;&quot;,\r\n            &quot;&lt;span class=\\&quot;  icon-arrow-right\\&quot;&gt;&lt;\/span&gt;&quot;\r\n            ]\r\n                ,&quot;dots&quot;: false        ,&quot;smartSpeed&quot;: 700\r\n                    ,\r\n            &quot;responsive&quot;:\r\n            {\r\n                            &quot;0&quot;: {\r\n                &quot;items&quot;: 2,\r\n                                &quot;margin&quot;: 50                },                            &quot;360&quot;: {\r\n                &quot;items&quot;: 3,\r\n                                &quot;margin&quot;: 40                },                            &quot;575&quot;: {\r\n                &quot;items&quot;: 4,\r\n                                &quot;margin&quot;: 40                },                            &quot;768&quot;: {\r\n                &quot;items&quot;: 4,\r\n                                &quot;margin&quot;: 80                },                            &quot;992&quot;: {\r\n                &quot;items&quot;: 5,\r\n                                &quot;margin&quot;: 100                },                            &quot;1200&quot;: {\r\n                &quot;items&quot;: 6,\r\n                                &quot;margin&quot;: 134                }                        }\r\n                }\r\n    '>\r\n                                    <div class=\"client-carousel__item\">\r\n                        <img decoding=\"async\" src=\"https:\/\/rc2d-ne.org\/wp-content\/uploads\/2023\/11\/brand-1-1.png\" alt=\"brand-1-1\" title=\"brand-1-1\" class=\"client-carousel__item__img\" >                                            <\/div><!-- \/.owl-slide-item-->\r\n                                    <div class=\"client-carousel__item\">\r\n                        <img decoding=\"async\" src=\"https:\/\/rc2d-ne.org\/wp-content\/uploads\/2023\/11\/brand-1-2.png\" alt=\"brand-1-2\" title=\"brand-1-2\" class=\"client-carousel__item__img\" >                                            <\/div><!-- \/.owl-slide-item-->\r\n                                    <div class=\"client-carousel__item\">\r\n                        <img decoding=\"async\" src=\"https:\/\/rc2d-ne.org\/wp-content\/uploads\/2023\/11\/brand-1-3.png\" alt=\"brand-1-3\" title=\"brand-1-3\" class=\"client-carousel__item__img\" >                                            <\/div><!-- \/.owl-slide-item-->\r\n                                    <div class=\"client-carousel__item\">\r\n                                                                    <\/div><!-- \/.owl-slide-item-->\r\n                                    <div class=\"client-carousel__item\">\r\n                        <img decoding=\"async\" src=\"https:\/\/rc2d-ne.org\/wp-content\/uploads\/2023\/11\/brand-1-5.png\" alt=\"brand-1-5\" title=\"brand-1-5\" class=\"client-carousel__item__img\" >                                            <\/div><!-- \/.owl-slide-item-->\r\n                                    <div class=\"client-carousel__item\">\r\n                        <img decoding=\"async\" src=\"https:\/\/rc2d-ne.org\/wp-content\/uploads\/2023\/11\/brand-1-6.png\" alt=\"brand-1-6\" title=\"brand-1-6\" class=\"client-carousel__item__img\" >                                            <\/div><!-- \/.owl-slide-item-->\r\n                            <\/div><!-- \/.thm-owl__slider -->\r\n        <\/div><!-- \/.container -->\r\n    <\/div><!-- \/.client-carousel -->\r\n\t\t\t\t<\/div>\n\t\t\t\t<\/div>\n\t\t\t\t<\/div>\n\t\t\t\t<\/div>\n\t\t","protected":false},"excerpt":{"rendered":"<p>Pr\u00e9sentation de l&#8217;ONG RC2D Ensemble pour la stabilit\u00e9 au Sahel Cr\u00e9\u00e9e en d\u00e9cembre 2023, L&#8217;ONG R\u00e9silience Communautaire et D\u00e9veloppement Durable (RC2D) est une organisation qui vise \u00e0 accompagner l&#8217;\u00c9tat du [&hellip;]<\/p>\n","protected":false},"author":1,"featured_media":0,"parent":0,"menu_order":0,"comment_status":"closed","ping_status":"closed","template":"elementor_header_footer","meta":{"_acf_changed":false,"give_campaign_id":0,"om_disable_all_campaigns":false,"_monsterinsights_skip_tracking":false,"_monsterinsights_sitenote_active":false,"_monsterinsights_sitenote_note":"","_monsterinsights_sitenote_category":0,"footnotes":""},"class_list":["post-403","page","type-page","status-publish","hentry"],"acf":[],"aioseo_notices":[],"campaignId":"","_links":{"self":[{"href":"https:\/\/rc2d-ne.org\/index.php\/wp-json\/wp\/v2\/pages\/403","targetHints":{"allow":["GET"]}}],"collection":[{"href":"https:\/\/rc2d-ne.org\/index.php\/wp-json\/wp\/v2\/pages"}],"about":[{"href":"https:\/\/rc2d-ne.org\/index.php\/wp-json\/wp\/v2\/types\/page"}],"author":[{"embeddable":true,"href":"https:\/\/rc2d-ne.org\/index.php\/wp-json\/wp\/v2\/users\/1"}],"replies":[{"embeddable":true,"href":"https:\/\/rc2d-ne.org\/index.php\/wp-json\/wp\/v2\/comments?post=403"}],"version-history":[{"count":56,"href":"https:\/\/rc2d-ne.org\/index.php\/wp-json\/wp\/v2\/pages\/403\/revisions"}],"predecessor-version":[{"id":4753,"href":"https:\/\/rc2d-ne.org\/index.php\/wp-json\/wp\/v2\/pages\/403\/revisions\/4753"}],"wp:attachment":[{"href":"https:\/\/rc2d-ne.org\/index.php\/wp-json\/wp\/v2\/media?parent=403"}],"curies":[{"name":"wp","href":"https:\/\/api.w.org\/{rel}","templated":true}]}}